{"id":16424,"date":"2026-04-24T17:03:20","date_gmt":"2026-04-24T15:03:20","guid":{"rendered":"https:\/\/europaallee.ch\/events\/a-lalala-long-night\/"},"modified":"2026-04-24T17:04:53","modified_gmt":"2026-04-24T15:04:53","slug":"a-lalala-long-night","status":"publish","type":"events","link":"https:\/\/europaallee.ch\/en\/events\/a-lalala-long-night\/","title":{"rendered":"a lalala long night"},"content":{"rendered":"\n<p>Spring is here and the days are getting longer \u2013 the perfect moment for the next edition of the Lala Platz-Fest at 25hours Hotel Langstrasse. Fun fact: \u201clala\u201d refers to the intersection of Langstrasse and Lagerstrasse \u2013 right where the hotel is located.<\/p>\n\n\n\n<p>Together with Casi Casa and KINOKONI, this vibrant corner of Zurich turns into a day-to-night celebration filled with music, food, drinks and the unique energy that defines the area.<\/p>\n\n\n\n<p><strong>Programme:<\/strong><\/p>\n\n\n\n<p><strong>Music &amp; Entertainment by 25hours Hotels &amp; Casi Casa<\/strong><br>1:00\u20133:00 pm \u2013 Face painting, sidewalk chalk &amp; family fun<br>3:00\u20135:00 pm \u2013 Live music with <em>Son Solo Dos<\/em> (Juan Elias &amp; Freddy Benitez) and DJ Lamara spinning cumbia, salsa, reggaeton &amp; Latin classics<br>6:00\u20136:45 pm \u2013 L Loko &amp; Drini<br>from 6:45 pm \u2013 DJs take over into the night<\/p>\n\n\n\n<p><strong>KINOKONI Special:<\/strong><br>Selected screenings for CHF 10<\/p>\n\n\n\n<p>\ud83d\udc49 The event is open to the public \u2013 swing by and bring your friends.<\/p>\n","protected":false},"excerpt":{"rendered":"<p>Spring is here and the days are getting longer \u2013 [&hellip;]<\/p>\n","protected":false},"author":2,"featured_media":16423,"parent":0,"comment_status":"closed","ping_status":"closed","template":"","event-type":[176],"event-subtype":[],"class_list":["post-16424","events","type-events","status-publish","has-post-thumbnail","hentry","event-type-food-outdoor-en"],"acf":[],"yoast_head":"<!-- This site is optimized with the Yoast SEO plugin v27.4 - https:\/\/yoast.com\/product\/yoast-seo-wordpress\/ -->\n<title>a lalala long night - Europaallee<\/title>\n<meta name=\"robots\" content=\"index, follow, max-snippet:-1, max-image-preview:large, max-video-preview:-1\" \/>\n<link rel=\"canonical\" href=\"https:\/\/europaallee.ch\/en\/events\/a-lalala-long-night\/\" \/>\n<meta property=\"og:locale\" content=\"en_US\" \/>\n<meta property=\"og:type\" content=\"article\" \/>\n<meta property=\"og:title\" content=\"a lalala long night - Europaallee\" \/>\n<meta property=\"og:description\" content=\"Spring is here and the days are getting longer \u2013 [&hellip;]\" \/>\n<meta property=\"og:url\" content=\"https:\/\/europaallee.ch\/en\/events\/a-lalala-long-night\/\" \/>\n<meta property=\"og:site_name\" content=\"Europaallee\" \/>\n<meta property=\"article:publisher\" content=\"https:\/\/www.facebook.com\/europaallee\" \/>\n<meta property=\"article:modified_time\" content=\"2026-04-24T15:04:53+00:00\" \/>\n<meta property=\"og:image\" content=\"https:\/\/cdn.freebrand.ch\/w:auto\/h:auto\/q:mauto\/f:best\/https:\/\/europaallee.ch\/wp-content\/uploads\/2026\/04\/Bild-Lalaplatz-fest.png\" \/>\n\t<meta property=\"og:image:width\" content=\"700\" \/>\n\t<meta property=\"og:image:height\" content=\"300\" \/>\n\t<meta property=\"og:image:type\" content=\"image\/png\" \/>\n<meta name=\"twitter:card\" content=\"summary_large_image\" \/>\n<meta name=\"twitter:label1\" content=\"Est. reading time\" \/>\n\t<meta name=\"twitter:data1\" content=\"1 minute\" \/>\n<script type=\"application\/ld+json\" class=\"yoast-schema-graph\">{\"@context\":\"https:\\\/\\\/schema.org\",\"@graph\":[{\"@type\":\"WebPage\",\"@id\":\"https:\\\/\\\/europaallee.ch\\\/en\\\/events\\\/a-lalala-long-night\\\/\",\"url\":\"https:\\\/\\\/europaallee.ch\\\/en\\\/events\\\/a-lalala-long-night\\\/\",\"name\":\"a lalala long night - Europaallee\",\"isPartOf\":{\"@id\":\"https:\\\/\\\/europaallee.ch\\\/en\\\/#website\"},\"primaryImageOfPage\":{\"@id\":\"https:\\\/\\\/europaallee.ch\\\/en\\\/events\\\/a-lalala-long-night\\\/#primaryimage\"},\"image\":{\"@id\":\"https:\\\/\\\/europaallee.ch\\\/en\\\/events\\\/a-lalala-long-night\\\/#primaryimage\"},\"thumbnailUrl\":\"https:\\/\\/europaallee.ch\\/wp-content\\/uploads\\/2026\\/04\\/Bild-Lalaplatz-fest.png\",\"datePublished\":\"2026-04-24T15:03:20+00:00\",\"dateModified\":\"2026-04-24T15:04:53+00:00\",\"breadcrumb\":{\"@id\":\"https:\\\/\\\/europaallee.ch\\\/en\\\/events\\\/a-lalala-long-night\\\/#breadcrumb\"},\"inLanguage\":\"en-US\",\"potentialAction\":[{\"@type\":\"ReadAction\",\"target\":[\"https:\\\/\\\/europaallee.ch\\\/en\\\/events\\\/a-lalala-long-night\\\/\"]}]},{\"@type\":\"ImageObject\",\"inLanguage\":\"en-US\",\"@id\":\"https:\\\/\\\/europaallee.ch\\\/en\\\/events\\\/a-lalala-long-night\\\/#primaryimage\",\"url\":\"https:\\/\\/europaallee.ch\\/wp-content\\/uploads\\/2026\\/04\\/Bild-Lalaplatz-fest.png\",\"contentUrl\":\"https:\\/\\/europaallee.ch\\/wp-content\\/uploads\\/2026\\/04\\/Bild-Lalaplatz-fest.png\",\"width\":700,\"height\":300},{\"@type\":\"BreadcrumbList\",\"@id\":\"https:\\\/\\\/europaallee.ch\\\/en\\\/events\\\/a-lalala-long-night\\\/#breadcrumb\",\"itemListElement\":[{\"@type\":\"ListItem\",\"position\":1,\"name\":\"Home\",\"item\":\"https:\\\/\\\/europaallee.ch\\\/en\\\/\"},{\"@type\":\"ListItem\",\"position\":2,\"name\":\"Food &amp; Drinks\",\"item\":\"https:\\\/\\\/europaallee.ch\\\/en\\\/event-type\\\/food-outdoor-en\\\/\"},{\"@type\":\"ListItem\",\"position\":3,\"name\":\"a lalala long night\"}]},{\"@type\":\"WebSite\",\"@id\":\"https:\\\/\\\/europaallee.ch\\\/en\\\/#website\",\"url\":\"https:\\\/\\\/europaallee.ch\\\/en\\\/\",\"name\":\"Europaallee\",\"description\":\"Ein Quartier voll Z\u00fcrich\",\"publisher\":{\"@id\":\"https:\\\/\\\/europaallee.ch\\\/en\\\/#organization\"},\"potentialAction\":[{\"@type\":\"SearchAction\",\"target\":{\"@type\":\"EntryPoint\",\"urlTemplate\":\"https:\\\/\\\/europaallee.ch\\\/en\\\/?s={search_term_string}\"},\"query-input\":{\"@type\":\"PropertyValueSpecification\",\"valueRequired\":true,\"valueName\":\"search_term_string\"}}],\"inLanguage\":\"en-US\"},{\"@type\":\"Organization\",\"@id\":\"https:\\\/\\\/europaallee.ch\\\/en\\\/#organization\",\"name\":\"Europaallee\",\"url\":\"https:\\\/\\\/europaallee.ch\\\/en\\\/\",\"logo\":{\"@type\":\"ImageObject\",\"inLanguage\":\"en-US\",\"@id\":\"https:\\\/\\\/europaallee.ch\\\/en\\\/#\\\/schema\\\/logo\\\/image\\\/\",\"url\":\"https:\\/\\/europaallee.ch\\/wp-content\\/uploads\\/2021\\/04\\/logo_europaallee.svg\",\"contentUrl\":\"https:\\/\\/europaallee.ch\\/wp-content\\/uploads\\/2021\\/04\\/logo_europaallee.svg\",\"caption\":\"Europaallee\"},\"image\":{\"@id\":\"https:\\\/\\\/europaallee.ch\\\/en\\\/#\\\/schema\\\/logo\\\/image\\\/\"},\"sameAs\":[\"https:\\\/\\\/www.facebook.com\\\/europaallee\",\"https:\\\/\\\/www.instagram.com\\\/europaallee\\\/\",\"https:\\\/\\\/www.youtube.com\\\/channel\\\/UCNT5OLv0MZKlMKV7Px6vVXg\"]}]}<\/script>\n<!-- \/ Yoast SEO plugin. -->","yoast_head_json":{"title":"a lalala long night - Europaallee","robots":{"index":"index","follow":"follow","max-snippet":"max-snippet:-1","max-image-preview":"max-image-preview:large","max-video-preview":"max-video-preview:-1"},"canonical":"https:\/\/europaallee.ch\/en\/events\/a-lalala-long-night\/","og_locale":"en_US","og_type":"article","og_title":"a lalala long night - Europaallee","og_description":"Spring is here and the days are getting longer \u2013 [&hellip;]","og_url":"https:\/\/europaallee.ch\/en\/events\/a-lalala-long-night\/","og_site_name":"Europaallee","article_publisher":"https:\/\/www.facebook.com\/europaallee","article_modified_time":"2026-04-24T15:04:53+00:00","og_image":[{"width":700,"height":300,"url":"https:\/\/cdn.freebrand.ch\/w:auto\/h:auto\/q:mauto\/f:best\/https:\/\/europaallee.ch\/wp-content\/uploads\/2026\/04\/Bild-Lalaplatz-fest.png","type":"image\/png"}],"twitter_card":"summary_large_image","twitter_misc":{"Est. reading time":"1 minute"},"schema":{"@context":"https:\/\/schema.org","@graph":[{"@type":"WebPage","@id":"https:\/\/europaallee.ch\/en\/events\/a-lalala-long-night\/","url":"https:\/\/europaallee.ch\/en\/events\/a-lalala-long-night\/","name":"a lalala long night - Europaallee","isPartOf":{"@id":"https:\/\/europaallee.ch\/en\/#website"},"primaryImageOfPage":{"@id":"https:\/\/europaallee.ch\/en\/events\/a-lalala-long-night\/#primaryimage"},"image":{"@id":"https:\/\/europaallee.ch\/en\/events\/a-lalala-long-night\/#primaryimage"},"thumbnailUrl":"https:\/\/cdn.freebrand.ch\/w:auto\/h:auto\/q:mauto\/f:best\/https:\/\/europaallee.ch\/wp-content\/uploads\/2026\/04\/Bild-Lalaplatz-fest.png","datePublished":"2026-04-24T15:03:20+00:00","dateModified":"2026-04-24T15:04:53+00:00","breadcrumb":{"@id":"https:\/\/europaallee.ch\/en\/events\/a-lalala-long-night\/#breadcrumb"},"inLanguage":"en-US","potentialAction":[{"@type":"ReadAction","target":["https:\/\/europaallee.ch\/en\/events\/a-lalala-long-night\/"]}]},{"@type":"ImageObject","inLanguage":"en-US","@id":"https:\/\/europaallee.ch\/en\/events\/a-lalala-long-night\/#primaryimage","url":"https:\/\/cdn.freebrand.ch\/w:auto\/h:auto\/q:mauto\/f:best\/https:\/\/europaallee.ch\/wp-content\/uploads\/2026\/04\/Bild-Lalaplatz-fest.png","contentUrl":"https:\/\/cdn.freebrand.ch\/w:auto\/h:auto\/q:mauto\/f:best\/https:\/\/europaallee.ch\/wp-content\/uploads\/2026\/04\/Bild-Lalaplatz-fest.png","width":700,"height":300},{"@type":"BreadcrumbList","@id":"https:\/\/europaallee.ch\/en\/events\/a-lalala-long-night\/#breadcrumb","itemListElement":[{"@type":"ListItem","position":1,"name":"Home","item":"https:\/\/europaallee.ch\/en\/"},{"@type":"ListItem","position":2,"name":"Food &amp; Drinks","item":"https:\/\/europaallee.ch\/en\/event-type\/food-outdoor-en\/"},{"@type":"ListItem","position":3,"name":"a lalala long night"}]},{"@type":"WebSite","@id":"https:\/\/europaallee.ch\/en\/#website","url":"https:\/\/europaallee.ch\/en\/","name":"Europaallee","description":"Ein Quartier voll Z\u00fcrich","publisher":{"@id":"https:\/\/europaallee.ch\/en\/#organization"},"potentialAction":[{"@type":"SearchAction","target":{"@type":"EntryPoint","urlTemplate":"https:\/\/europaallee.ch\/en\/?s={search_term_string}"},"query-input":{"@type":"PropertyValueSpecification","valueRequired":true,"valueName":"search_term_string"}}],"inLanguage":"en-US"},{"@type":"Organization","@id":"https:\/\/europaallee.ch\/en\/#organization","name":"Europaallee","url":"https:\/\/europaallee.ch\/en\/","logo":{"@type":"ImageObject","inLanguage":"en-US","@id":"https:\/\/europaallee.ch\/en\/#\/schema\/logo\/image\/","url":"https:\/\/europaallee.ch\/wp-content\/uploads\/2021\/04\/logo_europaallee.svg","contentUrl":"https:\/\/europaallee.ch\/wp-content\/uploads\/2021\/04\/logo_europaallee.svg","caption":"Europaallee"},"image":{"@id":"https:\/\/europaallee.ch\/en\/#\/schema\/logo\/image\/"},"sameAs":["https:\/\/www.facebook.com\/europaallee","https:\/\/www.instagram.com\/europaallee\/","https:\/\/www.youtube.com\/channel\/UCNT5OLv0MZKlMKV7Px6vVXg"]}]}},"event_dates":[{"von":"2026-04-25 13:00:00","bis":"2026-04-25 22:00:00","number_of_tickets":"","registration_count":"0"}],"event_recipient":"","ticket_price":"","event_location":{"address":"25hours Hotel, Langstrasse, Z\u00fcrich, Schweiz","lat":47.380297,"lng":8.5285875,"zoom":14,"place_id":"ChIJ6ypIHhEKkEcR48Zj00ibeaQ","name":"25hours Hotel Z\u00fcrich Langstrasse","street_number":"150","street_name":"Langstrasse","city":"Z\u00fcrich","state":"Z\u00fcrich","state_short":"ZH","post_code":"8004","country":"Schweiz","country_short":"CH"},"fimg_url":"https:\/\/cdn.freebrand.ch\/w:auto\/h:auto\/q:mauto\/f:best\/https:\/\/europaallee.ch\/wp-content\/uploads\/2026\/04\/Bild-Lalaplatz-fest.png","_links":{"self":[{"href":"https:\/\/europaallee.ch\/en\/wp-json\/wp\/v2\/events\/16424","targetHints":{"allow":["GET"]}}],"collection":[{"href":"https:\/\/europaallee.ch\/en\/wp-json\/wp\/v2\/events"}],"about":[{"href":"https:\/\/europaallee.ch\/en\/wp-json\/wp\/v2\/types\/events"}],"author":[{"embeddable":true,"href":"https:\/\/europaallee.ch\/en\/wp-json\/wp\/v2\/users\/2"}],"replies":[{"embeddable":true,"href":"https:\/\/europaallee.ch\/en\/wp-json\/wp\/v2\/comments?post=16424"}],"wp:featuredmedia":[{"embeddable":true,"href":"https:\/\/europaallee.ch\/en\/wp-json\/wp\/v2\/media\/16423"}],"wp:attachment":[{"href":"https:\/\/europaallee.ch\/en\/wp-json\/wp\/v2\/media?parent=16424"}],"wp:term":[{"taxonomy":"event-type","embeddable":true,"href":"https:\/\/europaallee.ch\/en\/wp-json\/wp\/v2\/event-type?post=16424"},{"taxonomy":"event-subtype","embeddable":true,"href":"https:\/\/europaallee.ch\/en\/wp-json\/wp\/v2\/event-subtype?post=16424"}],"curies":[{"name":"wp","href":"https:\/\/api.w.org\/{rel}","templated":true}]}}

<!-- This site is optimized with the Yoast SEO plugin v27.4 - https://yoast.com/product/yoast-seo-wordpress/ -->
<title>a lalala long night - Europaallee</title>
<meta name="robots" content="index, follow, max-snippet:-1, max-image-preview:large, max-video-preview:-1" />
<link rel="canonical" href="https://europaallee.ch/en/events/a-lalala-long-night/" />
<meta property="og:locale" content="en_US" />
<meta property="og:type" content="article" />
<meta property="og:title" content="a lalala long night - Europaallee" />
<meta property="og:description" content="Spring is here and the days are getting longer – [&hellip;]" />
<meta property="og:url" content="https://europaallee.ch/en/events/a-lalala-long-night/" />
<meta property="og:site_name" content="Europaallee" />
<meta property="article:publisher" content="https://www.facebook.com/europaallee" />
<meta property="article:modified_time" content="2026-04-24T15:04:53+00:00" />
<meta property="og:image" content="https://cdn.freebrand.ch/w:auto/h:auto/q:mauto/f:best/https://europaallee.ch/wp-content/uploads/2026/04/Bild-Lalaplatz-fest.png" />
	<meta property="og:image:width" content="700" />
	<meta property="og:image:height" content="300" />
	<meta property="og:image:type" content="image/png" />
<meta name="twitter:card" content="summary_large_image" />
<meta name="twitter:label1" content="Est. reading time" />
	<meta name="twitter:data1" content="1 minute" />
<script type="application/ld+json" class="yoast-schema-graph">{"@context":"https:\/\/schema.org","@graph":[{"@type":"WebPage","@id":"https:\/\/europaallee.ch\/en\/events\/a-lalala-long-night\/","url":"https:\/\/europaallee.ch\/en\/events\/a-lalala-long-night\/","name":"a lalala long night - Europaallee","isPartOf":{"@id":"https:\/\/europaallee.ch\/en\/#website"},"primaryImageOfPage":{"@id":"https:\/\/europaallee.ch\/en\/events\/a-lalala-long-night\/#primaryimage"},"image":{"@id":"https:\/\/europaallee.ch\/en\/events\/a-lalala-long-night\/#primaryimage"},"thumbnailUrl":"https:\/\/europaallee.ch\/wp-content\/uploads\/2026\/04\/Bild-Lalaplatz-fest.png","datePublished":"2026-04-24T15:03:20+00:00","dateModified":"2026-04-24T15:04:53+00:00","breadcrumb":{"@id":"https:\/\/europaallee.ch\/en\/events\/a-lalala-long-night\/#breadcrumb"},"inLanguage":"en-US","potentialAction":[{"@type":"ReadAction","target":["https:\/\/europaallee.ch\/en\/events\/a-lalala-long-night\/"]}]},{"@type":"ImageObject","inLanguage":"en-US","@id":"https:\/\/europaallee.ch\/en\/events\/a-lalala-long-night\/#primaryimage","url":"https:\/\/europaallee.ch\/wp-content\/uploads\/2026\/04\/Bild-Lalaplatz-fest.png","contentUrl":"https:\/\/europaallee.ch\/wp-content\/uploads\/2026\/04\/Bild-Lalaplatz-fest.png","width":700,"height":300},{"@type":"BreadcrumbList","@id":"https:\/\/europaallee.ch\/en\/events\/a-lalala-long-night\/#breadcrumb","itemListElement":[{"@type":"ListItem","position":1,"name":"Home","item":"https:\/\/europaallee.ch\/en\/"},{"@type":"ListItem","position":2,"name":"Food &amp; Drinks","item":"https:\/\/europaallee.ch\/en\/event-type\/food-outdoor-en\/"},{"@type":"ListItem","position":3,"name":"a lalala long night"}]},{"@type":"WebSite","@id":"https:\/\/europaallee.ch\/en\/#website","url":"https:\/\/europaallee.ch\/en\/","name":"Europaallee","description":"Ein Quartier voll Zürich","publisher":{"@id":"https:\/\/europaallee.ch\/en\/#organization"},"potentialAction":[{"@type":"SearchAction","target":{"@type":"EntryPoint","urlTemplate":"https:\/\/europaallee.ch\/en\/?s={search_term_string}"},"query-input":{"@type":"PropertyValueSpecification","valueRequired":true,"valueName":"search_term_string"}}],"inLanguage":"en-US"},{"@type":"Organization","@id":"https:\/\/europaallee.ch\/en\/#organization","name":"Europaallee","url":"https:\/\/europaallee.ch\/en\/","logo":{"@type":"ImageObject","inLanguage":"en-US","@id":"https:\/\/europaallee.ch\/en\/#\/schema\/logo\/image\/","url":"https:\/\/europaallee.ch\/wp-content\/uploads\/2021\/04\/logo_europaallee.svg","contentUrl":"https:\/\/europaallee.ch\/wp-content\/uploads\/2021\/04\/logo_europaallee.svg","caption":"Europaallee"},"image":{"@id":"https:\/\/europaallee.ch\/en\/#\/schema\/logo\/image\/"},"sameAs":["https:\/\/www.facebook.com\/europaallee","https:\/\/www.instagram.com\/europaallee\/","https:\/\/www.youtube.com\/channel\/UCNT5OLv0MZKlMKV7Px6vVXg"]}]}</script>
<!-- / Yoast SEO plugin. -->

Ein Quartier voll Zürich

25hours Hotel, Langstrasse, Zürich, Schweiz

25hours Hotel Zürich Langstrasse

Zürich
