{"id":16428,"date":"2026-04-27T12:37:35","date_gmt":"2026-04-27T10:37:35","guid":{"rendered":"https:\/\/europaallee.ch\/?post_type=events&#038;p=16428"},"modified":"2026-04-27T12:38:33","modified_gmt":"2026-04-27T10:38:33","slug":"franziska-witschi-wildwechsel","status":"publish","type":"events","link":"https:\/\/europaallee.ch\/en\/events\/franziska-witschi-wildwechsel\/","title":{"rendered":"Franziska Witschi: \u201cWildwechsel\u201d"},"content":{"rendered":"\n<p>Conversation with Philipp Jucker, Specialist Department for Nature Conservation, City of Zurich<\/p>\n\n\n\n<p>In 21 stories, the author explores encounters between humans and animals in the city\u2014a true literary delight. She is joined by Philipp Jucker, Head of Species Promotion &amp; Protected Areas at Gr\u00fcn Stadt Z\u00fcrich, who knows the topic well from his daily work.<\/p>\n\n\n\n<p>About the book: What happens when Sue discovers a viper in Visp\u2019s station square? When Maya stubs her toe on a prehistoric horseshoe crab in Brooklyn?&nbsp;<em>\u201cWildwechsel\u201d<\/em>tells 21 stories of unexpected encounters between humans and animals in urban environments. The characters are not actively seeking nature\u2014they come across it by chance and react to these surprising interactions.<\/p>\n\n\n\n<p><strong>Presented by:<\/strong><br>Franziska Witschi studied biology in Bern and completed a program in literary writing in Zurich. As a biologist, she creates habitats, greens cities, and frees rivers from their constraints. In her writing, she moves between poetry and prose. In 2023, she received a literary grant from the Canton of Bern, and in 2024 she was invited to the Nature Writing workshop of the Foundation for Art and Nature. She is a member of the executive board and program committee of the Literaare literary festival and the owner of B\u00fcro Witschi.<\/p>\n\n\n\n<p>Philipp Jucker works at Gr\u00fcn Stadt Z\u00fcrich as Head of Species Promotion &amp; Protected Areas.<\/p>\n\n\n\n<p>Moderation: Julia Knapp<br>Photo: Corinne Futterlieb<\/p>\n","protected":false},"excerpt":{"rendered":"<p>Conversation with Philipp Jucker, Specialist Department for Nature Conservation, City [&hellip;]<\/p>\n","protected":false},"author":18,"featured_media":0,"parent":0,"comment_status":"closed","ping_status":"closed","template":"","event-type":[6726],"event-subtype":[],"class_list":["post-16428","events","type-events","status-publish","hentry","event-type-cinema-culture"],"acf":[],"yoast_head":"<!-- This site is optimized with the Yoast SEO plugin v27.5 - https:\/\/yoast.com\/product\/yoast-seo-wordpress\/ -->\n<title>&quot;Wildwechsel&quot; Conversation with Philipp Jucker - Europaallee<\/title>\n<meta name=\"robots\" content=\"index, follow, max-snippet:-1, max-image-preview:large, max-video-preview:-1\" \/>\n<link rel=\"canonical\" href=\"https:\/\/europaallee.ch\/en\/events\/franziska-witschi-wildwechsel\/\" \/>\n<meta property=\"og:locale\" content=\"en_US\" \/>\n<meta property=\"og:type\" content=\"article\" \/>\n<meta property=\"og:title\" content=\"&quot;Wildwechsel&quot; Conversation with Philipp Jucker - Europaallee\" \/>\n<meta property=\"og:description\" content=\"Conversation with Philipp Jucker, Specialist Department for Nature Conservation, City [&hellip;]\" \/>\n<meta property=\"og:url\" content=\"https:\/\/europaallee.ch\/en\/events\/franziska-witschi-wildwechsel\/\" \/>\n<meta property=\"og:site_name\" content=\"Europaallee\" \/>\n<meta property=\"article:publisher\" content=\"https:\/\/www.facebook.com\/europaallee\" \/>\n<meta property=\"article:modified_time\" content=\"2026-04-27T10:38:33+00:00\" \/>\n<meta name=\"twitter:card\" content=\"summary_large_image\" \/>\n<meta name=\"twitter:label1\" content=\"Est. reading time\" \/>\n\t<meta name=\"twitter:data1\" content=\"1 minute\" \/>\n<script type=\"application\/ld+json\" class=\"yoast-schema-graph\">{\"@context\":\"https:\\\/\\\/schema.org\",\"@graph\":[{\"@type\":\"WebPage\",\"@id\":\"https:\\\/\\\/europaallee.ch\\\/en\\\/events\\\/franziska-witschi-wildwechsel\\\/\",\"url\":\"https:\\\/\\\/europaallee.ch\\\/en\\\/events\\\/franziska-witschi-wildwechsel\\\/\",\"name\":\"\\\"Wildwechsel\\\" Conversation with Philipp Jucker - Europaallee\",\"isPartOf\":{\"@id\":\"https:\\\/\\\/europaallee.ch\\\/en\\\/#website\"},\"datePublished\":\"2026-04-27T10:37:35+00:00\",\"dateModified\":\"2026-04-27T10:38:33+00:00\",\"breadcrumb\":{\"@id\":\"https:\\\/\\\/europaallee.ch\\\/en\\\/events\\\/franziska-witschi-wildwechsel\\\/#breadcrumb\"},\"inLanguage\":\"en-US\",\"potentialAction\":[{\"@type\":\"ReadAction\",\"target\":[\"https:\\\/\\\/europaallee.ch\\\/en\\\/events\\\/franziska-witschi-wildwechsel\\\/\"]}]},{\"@type\":\"BreadcrumbList\",\"@id\":\"https:\\\/\\\/europaallee.ch\\\/en\\\/events\\\/franziska-witschi-wildwechsel\\\/#breadcrumb\",\"itemListElement\":[{\"@type\":\"ListItem\",\"position\":1,\"name\":\"Home\",\"item\":\"https:\\\/\\\/europaallee.ch\\\/en\\\/\"},{\"@type\":\"ListItem\",\"position\":2,\"name\":\"Cinema &amp; Culture\",\"item\":\"https:\\\/\\\/europaallee.ch\\\/en\\\/event-type\\\/cinema-culture\\\/\"},{\"@type\":\"ListItem\",\"position\":3,\"name\":\"Franziska Witschi: \u201cWildwechsel\u201d\"}]},{\"@type\":\"WebSite\",\"@id\":\"https:\\\/\\\/europaallee.ch\\\/en\\\/#website\",\"url\":\"https:\\\/\\\/europaallee.ch\\\/en\\\/\",\"name\":\"Europaallee\",\"description\":\"Ein Quartier voll Z\u00fcrich\",\"publisher\":{\"@id\":\"https:\\\/\\\/europaallee.ch\\\/en\\\/#organization\"},\"potentialAction\":[{\"@type\":\"SearchAction\",\"target\":{\"@type\":\"EntryPoint\",\"urlTemplate\":\"https:\\\/\\\/europaallee.ch\\\/en\\\/?s={search_term_string}\"},\"query-input\":{\"@type\":\"PropertyValueSpecification\",\"valueRequired\":true,\"valueName\":\"search_term_string\"}}],\"inLanguage\":\"en-US\"},{\"@type\":\"Organization\",\"@id\":\"https:\\\/\\\/europaallee.ch\\\/en\\\/#organization\",\"name\":\"Europaallee\",\"url\":\"https:\\\/\\\/europaallee.ch\\\/en\\\/\",\"logo\":{\"@type\":\"ImageObject\",\"inLanguage\":\"en-US\",\"@id\":\"https:\\\/\\\/europaallee.ch\\\/en\\\/#\\\/schema\\\/logo\\\/image\\\/\",\"url\":\"https:\\/\\/europaallee.ch\\/wp-content\\/uploads\\/2021\\/04\\/logo_europaallee.svg\",\"contentUrl\":\"https:\\/\\/europaallee.ch\\/wp-content\\/uploads\\/2021\\/04\\/logo_europaallee.svg\",\"caption\":\"Europaallee\"},\"image\":{\"@id\":\"https:\\\/\\\/europaallee.ch\\\/en\\\/#\\\/schema\\\/logo\\\/image\\\/\"},\"sameAs\":[\"https:\\\/\\\/www.facebook.com\\\/europaallee\",\"https:\\\/\\\/www.instagram.com\\\/europaallee\\\/\",\"https:\\\/\\\/www.youtube.com\\\/channel\\\/UCNT5OLv0MZKlMKV7Px6vVXg\"]}]}<\/script>\n<!-- \/ Yoast SEO plugin. -->","yoast_head_json":{"title":"\"Wildwechsel\" Conversation with Philipp Jucker - Europaallee","robots":{"index":"index","follow":"follow","max-snippet":"max-snippet:-1","max-image-preview":"max-image-preview:large","max-video-preview":"max-video-preview:-1"},"canonical":"https:\/\/europaallee.ch\/en\/events\/franziska-witschi-wildwechsel\/","og_locale":"en_US","og_type":"article","og_title":"\"Wildwechsel\" Conversation with Philipp Jucker - Europaallee","og_description":"Conversation with Philipp Jucker, Specialist Department for Nature Conservation, City [&hellip;]","og_url":"https:\/\/europaallee.ch\/en\/events\/franziska-witschi-wildwechsel\/","og_site_name":"Europaallee","article_publisher":"https:\/\/www.facebook.com\/europaallee","article_modified_time":"2026-04-27T10:38:33+00:00","twitter_card":"summary_large_image","twitter_misc":{"Est. reading time":"1 minute"},"schema":{"@context":"https:\/\/schema.org","@graph":[{"@type":"WebPage","@id":"https:\/\/europaallee.ch\/en\/events\/franziska-witschi-wildwechsel\/","url":"https:\/\/europaallee.ch\/en\/events\/franziska-witschi-wildwechsel\/","name":"\"Wildwechsel\" Conversation with Philipp Jucker - Europaallee","isPartOf":{"@id":"https:\/\/europaallee.ch\/en\/#website"},"datePublished":"2026-04-27T10:37:35+00:00","dateModified":"2026-04-27T10:38:33+00:00","breadcrumb":{"@id":"https:\/\/europaallee.ch\/en\/events\/franziska-witschi-wildwechsel\/#breadcrumb"},"inLanguage":"en-US","potentialAction":[{"@type":"ReadAction","target":["https:\/\/europaallee.ch\/en\/events\/franziska-witschi-wildwechsel\/"]}]},{"@type":"BreadcrumbList","@id":"https:\/\/europaallee.ch\/en\/events\/franziska-witschi-wildwechsel\/#breadcrumb","itemListElement":[{"@type":"ListItem","position":1,"name":"Home","item":"https:\/\/europaallee.ch\/en\/"},{"@type":"ListItem","position":2,"name":"Cinema &amp; Culture","item":"https:\/\/europaallee.ch\/en\/event-type\/cinema-culture\/"},{"@type":"ListItem","position":3,"name":"Franziska Witschi: \u201cWildwechsel\u201d"}]},{"@type":"WebSite","@id":"https:\/\/europaallee.ch\/en\/#website","url":"https:\/\/europaallee.ch\/en\/","name":"Europaallee","description":"Ein Quartier voll Z\u00fcrich","publisher":{"@id":"https:\/\/europaallee.ch\/en\/#organization"},"potentialAction":[{"@type":"SearchAction","target":{"@type":"EntryPoint","urlTemplate":"https:\/\/europaallee.ch\/en\/?s={search_term_string}"},"query-input":{"@type":"PropertyValueSpecification","valueRequired":true,"valueName":"search_term_string"}}],"inLanguage":"en-US"},{"@type":"Organization","@id":"https:\/\/europaallee.ch\/en\/#organization","name":"Europaallee","url":"https:\/\/europaallee.ch\/en\/","logo":{"@type":"ImageObject","inLanguage":"en-US","@id":"https:\/\/europaallee.ch\/en\/#\/schema\/logo\/image\/","url":"https:\/\/europaallee.ch\/wp-content\/uploads\/2021\/04\/logo_europaallee.svg","contentUrl":"https:\/\/europaallee.ch\/wp-content\/uploads\/2021\/04\/logo_europaallee.svg","caption":"Europaallee"},"image":{"@id":"https:\/\/europaallee.ch\/en\/#\/schema\/logo\/image\/"},"sameAs":["https:\/\/www.facebook.com\/europaallee","https:\/\/www.instagram.com\/europaallee\/","https:\/\/www.youtube.com\/channel\/UCNT5OLv0MZKlMKV7Px6vVXg"]}]}},"event_dates":[{"von":"2026-05-05 20:15:00","bis":"2026-05-05 22:00:00","number_of_tickets":"70","registration_count":"0"}],"event_recipient":"cindy.wuethrich@orellfuessli.ch","ticket_price":"15","event_location":{"address":"Orell F\u00fcssli Z\u00fcrich Europaallee, Europaallee, Z\u00fcrich, Schweiz","lat":47.3785386,"lng":8.5351692,"zoom":18,"place_id":"ChIJ60NBc8MLkEcREDVpB3CZNfM","name":"Orell F\u00fcssli Z\u00fcrich Europaallee","street_number":"8","street_name":"Europaallee","city":"Z\u00fcrich","state":"Z\u00fcrich","state_short":"ZH","post_code":"8004","country":"Schweiz","country_short":"CH"},"fimg_url":false,"_links":{"self":[{"href":"https:\/\/europaallee.ch\/en\/wp-json\/wp\/v2\/events\/16428","targetHints":{"allow":["GET"]}}],"collection":[{"href":"https:\/\/europaallee.ch\/en\/wp-json\/wp\/v2\/events"}],"about":[{"href":"https:\/\/europaallee.ch\/en\/wp-json\/wp\/v2\/types\/events"}],"author":[{"embeddable":true,"href":"https:\/\/europaallee.ch\/en\/wp-json\/wp\/v2\/users\/18"}],"replies":[{"embeddable":true,"href":"https:\/\/europaallee.ch\/en\/wp-json\/wp\/v2\/comments?post=16428"}],"wp:attachment":[{"href":"https:\/\/europaallee.ch\/en\/wp-json\/wp\/v2\/media?parent=16428"}],"wp:term":[{"taxonomy":"event-type","embeddable":true,"href":"https:\/\/europaallee.ch\/en\/wp-json\/wp\/v2\/event-type?post=16428"},{"taxonomy":"event-subtype","embeddable":true,"href":"https:\/\/europaallee.ch\/en\/wp-json\/wp\/v2\/event-subtype?post=16428"}],"curies":[{"name":"wp","href":"https:\/\/api.w.org\/{rel}","templated":true}]}}

<p>Conversation with Philipp Jucker, Specialist Department for Nature Conservation, City of Zurich</p>



<p>In 21 stories, the author explores encounters between humans and animals in the city—a true literary delight. She is joined by Philipp Jucker, Head of Species Promotion &amp; Protected Areas at Grün Stadt Zürich, who knows the topic well from his daily work.</p>



<p>About the book: What happens when Sue discovers a viper in Visp’s station square? When Maya stubs her toe on a prehistoric horseshoe crab in Brooklyn?&nbsp;<em>“Wildwechsel”</em>tells 21 stories of unexpected encounters between humans and animals in urban environments. The characters are not actively seeking nature—they come across it by chance and react to these surprising interactions.</p>



<p><strong>Presented by:</strong><br>Franziska Witschi studied biology in Bern and completed a program in literary writing in Zurich. As a biologist, she creates habitats, greens cities, and frees rivers from their constraints. In her writing, she moves between poetry and prose. In 2023, she received a literary grant from the Canton of Bern, and in 2024 she was invited to the Nature Writing workshop of the Foundation for Art and Nature. She is a member of the executive board and program committee of the Literaare literary festival and the owner of Büro Witschi.</p>



<p>Philipp Jucker works at Grün Stadt Zürich as Head of Species Promotion &amp; Protected Areas.</p>



<p>Moderation: Julia Knapp<br>Photo: Corinne Futterlieb</p>

<!-- This site is optimized with the Yoast SEO plugin v27.5 - https://yoast.com/product/yoast-seo-wordpress/ -->
<title>&quot;Wildwechsel&quot; Conversation with Philipp Jucker - Europaallee</title>
<meta name="robots" content="index, follow, max-snippet:-1, max-image-preview:large, max-video-preview:-1" />
<link rel="canonical" href="https://europaallee.ch/en/events/franziska-witschi-wildwechsel/" />
<meta property="og:locale" content="en_US" />
<meta property="og:type" content="article" />
<meta property="og:title" content="&quot;Wildwechsel&quot; Conversation with Philipp Jucker - Europaallee" />
<meta property="og:description" content="Conversation with Philipp Jucker, Specialist Department for Nature Conservation, City [&hellip;]" />
<meta property="og:url" content="https://europaallee.ch/en/events/franziska-witschi-wildwechsel/" />
<meta property="og:site_name" content="Europaallee" />
<meta property="article:publisher" content="https://www.facebook.com/europaallee" />
<meta property="article:modified_time" content="2026-04-27T10:38:33+00:00" />
<meta name="twitter:card" content="summary_large_image" />
<meta name="twitter:label1" content="Est. reading time" />
	<meta name="twitter:data1" content="1 minute" />
<script type="application/ld+json" class="yoast-schema-graph">{"@context":"https:\/\/schema.org","@graph":[{"@type":"WebPage","@id":"https:\/\/europaallee.ch\/en\/events\/franziska-witschi-wildwechsel\/","url":"https:\/\/europaallee.ch\/en\/events\/franziska-witschi-wildwechsel\/","name":"\"Wildwechsel\" Conversation with Philipp Jucker - Europaallee","isPartOf":{"@id":"https:\/\/europaallee.ch\/en\/#website"},"datePublished":"2026-04-27T10:37:35+00:00","dateModified":"2026-04-27T10:38:33+00:00","breadcrumb":{"@id":"https:\/\/europaallee.ch\/en\/events\/franziska-witschi-wildwechsel\/#breadcrumb"},"inLanguage":"en-US","potentialAction":[{"@type":"ReadAction","target":["https:\/\/europaallee.ch\/en\/events\/franziska-witschi-wildwechsel\/"]}]},{"@type":"BreadcrumbList","@id":"https:\/\/europaallee.ch\/en\/events\/franziska-witschi-wildwechsel\/#breadcrumb","itemListElement":[{"@type":"ListItem","position":1,"name":"Home","item":"https:\/\/europaallee.ch\/en\/"},{"@type":"ListItem","position":2,"name":"Cinema &amp; Culture","item":"https:\/\/europaallee.ch\/en\/event-type\/cinema-culture\/"},{"@type":"ListItem","position":3,"name":"Franziska Witschi: “Wildwechsel”"}]},{"@type":"WebSite","@id":"https:\/\/europaallee.ch\/en\/#website","url":"https:\/\/europaallee.ch\/en\/","name":"Europaallee","description":"Ein Quartier voll Zürich","publisher":{"@id":"https:\/\/europaallee.ch\/en\/#organization"},"potentialAction":[{"@type":"SearchAction","target":{"@type":"EntryPoint","urlTemplate":"https:\/\/europaallee.ch\/en\/?s={search_term_string}"},"query-input":{"@type":"PropertyValueSpecification","valueRequired":true,"valueName":"search_term_string"}}],"inLanguage":"en-US"},{"@type":"Organization","@id":"https:\/\/europaallee.ch\/en\/#organization","name":"Europaallee","url":"https:\/\/europaallee.ch\/en\/","logo":{"@type":"ImageObject","inLanguage":"en-US","@id":"https:\/\/europaallee.ch\/en\/#\/schema\/logo\/image\/","url":"https:\/\/europaallee.ch\/wp-content\/uploads\/2021\/04\/logo_europaallee.svg","contentUrl":"https:\/\/europaallee.ch\/wp-content\/uploads\/2021\/04\/logo_europaallee.svg","caption":"Europaallee"},"image":{"@id":"https:\/\/europaallee.ch\/en\/#\/schema\/logo\/image\/"},"sameAs":["https:\/\/www.facebook.com\/europaallee","https:\/\/www.instagram.com\/europaallee\/","https:\/\/www.youtube.com\/channel\/UCNT5OLv0MZKlMKV7Px6vVXg"]}]}</script>
<!-- / Yoast SEO plugin. -->

Ein Quartier voll Zürich

Orell Füssli Zürich Europaallee, Europaallee, Zürich, Schweiz

Orell Füssli Zürich Europaallee

Zürich
