{"id":1915,"date":"2021-05-30T19:21:00","date_gmt":"2021-05-30T17:21:00","guid":{"rendered":"https:\/\/europaallee.beta.casasoft.ch\/?post_type=events&#038;p=1915"},"modified":"2021-06-18T11:45:09","modified_gmt":"2021-06-18T09:45:09","slug":"2-jahre-tara-style","status":"publish","type":"events","link":"https:\/\/europaallee.ch\/en\/events\/2-jahre-tara-style\/","title":{"rendered":"2 years of Tara Style at Europaallee."},"content":{"rendered":"\n<p>Join Tara Style in celebrating its second birthday at Europaallee. Two years ago, <a href=\"https:\/\/www.tarastyle.ch\/\" target=\"_blank\" rel=\"noreferrer noopener\">Tara Style<\/a> opened its doors at Europaallee 30.<\/p>\n\n\n\n<p>At the anniversary event there will be delicious drinks &amp; food, attractive offers and you can create your own dream necklace at the DIY bar.<\/p>\n\n\n\n<p>You can also enjoy the Re-Plating special offer: bring your old favourite pieces from Tara Style and have them re-plated with gold. This way they will shine perfectly again.<\/p>\n\n\n\n<p>From 3 p.m. you can do piercings on site if you feel like it. So nothing stands in the way of the perfect (ear) party!<\/p>\n\n\n\n<p>Registration &amp; costs: None, just come along and celebrate with Tara Style.<\/p>\n","protected":false},"excerpt":{"rendered":"<p>Join Tara Style in celebrating its second birthday at Europaallee. [&hellip;]<\/p>\n","protected":false},"author":4,"featured_media":1914,"parent":0,"comment_status":"closed","ping_status":"closed","template":"","event-type":[156,157],"event-subtype":[],"class_list":["post-1915","events","type-events","status-publish","has-post-thumbnail","hentry","event-type-beauty-style-en","event-type-fashion-design-en"],"acf":[],"yoast_head":"<!-- This site is optimized with the Yoast SEO plugin v27.5 - https:\/\/yoast.com\/product\/yoast-seo-wordpress\/ -->\n<title>2 years of Tara Style at Europaallee. - Europaallee<\/title>\n<meta name=\"robots\" content=\"index, follow, max-snippet:-1, max-image-preview:large, max-video-preview:-1\" \/>\n<link rel=\"canonical\" href=\"https:\/\/europaallee.ch\/en\/events\/2-jahre-tara-style\/\" \/>\n<meta property=\"og:locale\" content=\"en_US\" \/>\n<meta property=\"og:type\" content=\"article\" \/>\n<meta property=\"og:title\" content=\"2 years of Tara Style at Europaallee. - Europaallee\" \/>\n<meta property=\"og:description\" content=\"Join Tara Style in celebrating its second birthday at Europaallee. [&hellip;]\" \/>\n<meta property=\"og:url\" content=\"https:\/\/europaallee.ch\/en\/events\/2-jahre-tara-style\/\" \/>\n<meta property=\"og:site_name\" content=\"Europaallee\" \/>\n<meta property=\"article:publisher\" content=\"https:\/\/www.facebook.com\/europaallee\" \/>\n<meta property=\"article:modified_time\" content=\"2021-06-18T09:45:09+00:00\" \/>\n<meta property=\"og:image\" content=\"https:\/\/cdn.freebrand.ch\/w:auto\/h:auto\/q:mauto\/f:best\/https:\/\/europaallee.ch\/wp-content\/uploads\/2021\/05\/Design-ohne-Titel-74.png\" \/>\n\t<meta property=\"og:image:width\" content=\"700\" \/>\n\t<meta property=\"og:image:height\" content=\"425\" \/>\n\t<meta property=\"og:image:type\" content=\"image\/png\" \/>\n<meta name=\"twitter:card\" content=\"summary_large_image\" \/>\n<meta name=\"twitter:label1\" content=\"Est. reading time\" \/>\n\t<meta name=\"twitter:data1\" content=\"1 minute\" \/>\n<script type=\"application\/ld+json\" class=\"yoast-schema-graph\">{\"@context\":\"https:\\\/\\\/schema.org\",\"@graph\":[{\"@type\":\"WebPage\",\"@id\":\"https:\\\/\\\/europaallee.ch\\\/en\\\/events\\\/2-jahre-tara-style\\\/\",\"url\":\"https:\\\/\\\/europaallee.ch\\\/en\\\/events\\\/2-jahre-tara-style\\\/\",\"name\":\"2 years of Tara Style at Europaallee. - Europaallee\",\"isPartOf\":{\"@id\":\"https:\\\/\\\/europaallee.ch\\\/en\\\/#website\"},\"primaryImageOfPage\":{\"@id\":\"https:\\\/\\\/europaallee.ch\\\/en\\\/events\\\/2-jahre-tara-style\\\/#primaryimage\"},\"image\":{\"@id\":\"https:\\\/\\\/europaallee.ch\\\/en\\\/events\\\/2-jahre-tara-style\\\/#primaryimage\"},\"thumbnailUrl\":\"https:\\/\\/europaallee.ch\\/wp-content\\/uploads\\/2021\\/05\\/Design-ohne-Titel-74.png\",\"datePublished\":\"2021-05-30T17:21:00+00:00\",\"dateModified\":\"2021-06-18T09:45:09+00:00\",\"breadcrumb\":{\"@id\":\"https:\\\/\\\/europaallee.ch\\\/en\\\/events\\\/2-jahre-tara-style\\\/#breadcrumb\"},\"inLanguage\":\"en-US\",\"potentialAction\":[{\"@type\":\"ReadAction\",\"target\":[\"https:\\\/\\\/europaallee.ch\\\/en\\\/events\\\/2-jahre-tara-style\\\/\"]}]},{\"@type\":\"ImageObject\",\"inLanguage\":\"en-US\",\"@id\":\"https:\\\/\\\/europaallee.ch\\\/en\\\/events\\\/2-jahre-tara-style\\\/#primaryimage\",\"url\":\"https:\\/\\/europaallee.ch\\/wp-content\\/uploads\\/2021\\/05\\/Design-ohne-Titel-74.png\",\"contentUrl\":\"https:\\/\\/europaallee.ch\\/wp-content\\/uploads\\/2021\\/05\\/Design-ohne-Titel-74.png\",\"width\":700,\"height\":425,\"caption\":\"Laden Tara Style\"},{\"@type\":\"BreadcrumbList\",\"@id\":\"https:\\\/\\\/europaallee.ch\\\/en\\\/events\\\/2-jahre-tara-style\\\/#breadcrumb\",\"itemListElement\":[{\"@type\":\"ListItem\",\"position\":1,\"name\":\"Home\",\"item\":\"https:\\\/\\\/europaallee.ch\\\/en\\\/\"},{\"@type\":\"ListItem\",\"position\":2,\"name\":\"Fashion &amp; Design\",\"item\":\"https:\\\/\\\/europaallee.ch\\\/en\\\/event-type\\\/fashion-design-en\\\/\"},{\"@type\":\"ListItem\",\"position\":3,\"name\":\"2 years of Tara Style at Europaallee.\"}]},{\"@type\":\"WebSite\",\"@id\":\"https:\\\/\\\/europaallee.ch\\\/en\\\/#website\",\"url\":\"https:\\\/\\\/europaallee.ch\\\/en\\\/\",\"name\":\"Europaallee\",\"description\":\"Ein Quartier voll Z\u00fcrich\",\"publisher\":{\"@id\":\"https:\\\/\\\/europaallee.ch\\\/en\\\/#organization\"},\"potentialAction\":[{\"@type\":\"SearchAction\",\"target\":{\"@type\":\"EntryPoint\",\"urlTemplate\":\"https:\\\/\\\/europaallee.ch\\\/en\\\/?s={search_term_string}\"},\"query-input\":{\"@type\":\"PropertyValueSpecification\",\"valueRequired\":true,\"valueName\":\"search_term_string\"}}],\"inLanguage\":\"en-US\"},{\"@type\":\"Organization\",\"@id\":\"https:\\\/\\\/europaallee.ch\\\/en\\\/#organization\",\"name\":\"Europaallee\",\"url\":\"https:\\\/\\\/europaallee.ch\\\/en\\\/\",\"logo\":{\"@type\":\"ImageObject\",\"inLanguage\":\"en-US\",\"@id\":\"https:\\\/\\\/europaallee.ch\\\/en\\\/#\\\/schema\\\/logo\\\/image\\\/\",\"url\":\"https:\\/\\/europaallee.ch\\/wp-content\\/uploads\\/2021\\/04\\/logo_europaallee.svg\",\"contentUrl\":\"https:\\/\\/europaallee.ch\\/wp-content\\/uploads\\/2021\\/04\\/logo_europaallee.svg\",\"caption\":\"Europaallee\"},\"image\":{\"@id\":\"https:\\\/\\\/europaallee.ch\\\/en\\\/#\\\/schema\\\/logo\\\/image\\\/\"},\"sameAs\":[\"https:\\\/\\\/www.facebook.com\\\/europaallee\",\"https:\\\/\\\/www.instagram.com\\\/europaallee\\\/\",\"https:\\\/\\\/www.youtube.com\\\/channel\\\/UCNT5OLv0MZKlMKV7Px6vVXg\"]}]}<\/script>\n<!-- \/ Yoast SEO plugin. -->","yoast_head_json":{"title":"2 years of Tara Style at Europaallee. - Europaallee","robots":{"index":"index","follow":"follow","max-snippet":"max-snippet:-1","max-image-preview":"max-image-preview:large","max-video-preview":"max-video-preview:-1"},"canonical":"https:\/\/europaallee.ch\/en\/events\/2-jahre-tara-style\/","og_locale":"en_US","og_type":"article","og_title":"2 years of Tara Style at Europaallee. - Europaallee","og_description":"Join Tara Style in celebrating its second birthday at Europaallee. [&hellip;]","og_url":"https:\/\/europaallee.ch\/en\/events\/2-jahre-tara-style\/","og_site_name":"Europaallee","article_publisher":"https:\/\/www.facebook.com\/europaallee","article_modified_time":"2021-06-18T09:45:09+00:00","og_image":[{"width":700,"height":425,"url":"https:\/\/cdn.freebrand.ch\/w:auto\/h:auto\/q:mauto\/f:best\/https:\/\/europaallee.ch\/wp-content\/uploads\/2021\/05\/Design-ohne-Titel-74.png","type":"image\/png"}],"twitter_card":"summary_large_image","twitter_misc":{"Est. reading time":"1 minute"},"schema":{"@context":"https:\/\/schema.org","@graph":[{"@type":"WebPage","@id":"https:\/\/europaallee.ch\/en\/events\/2-jahre-tara-style\/","url":"https:\/\/europaallee.ch\/en\/events\/2-jahre-tara-style\/","name":"2 years of Tara Style at Europaallee. - Europaallee","isPartOf":{"@id":"https:\/\/europaallee.ch\/en\/#website"},"primaryImageOfPage":{"@id":"https:\/\/europaallee.ch\/en\/events\/2-jahre-tara-style\/#primaryimage"},"image":{"@id":"https:\/\/europaallee.ch\/en\/events\/2-jahre-tara-style\/#primaryimage"},"thumbnailUrl":"https:\/\/cdn.freebrand.ch\/w:auto\/h:auto\/q:mauto\/f:best\/https:\/\/europaallee.ch\/wp-content\/uploads\/2021\/05\/Design-ohne-Titel-74.png","datePublished":"2021-05-30T17:21:00+00:00","dateModified":"2021-06-18T09:45:09+00:00","breadcrumb":{"@id":"https:\/\/europaallee.ch\/en\/events\/2-jahre-tara-style\/#breadcrumb"},"inLanguage":"en-US","potentialAction":[{"@type":"ReadAction","target":["https:\/\/europaallee.ch\/en\/events\/2-jahre-tara-style\/"]}]},{"@type":"ImageObject","inLanguage":"en-US","@id":"https:\/\/europaallee.ch\/en\/events\/2-jahre-tara-style\/#primaryimage","url":"https:\/\/cdn.freebrand.ch\/w:auto\/h:auto\/q:mauto\/f:best\/https:\/\/europaallee.ch\/wp-content\/uploads\/2021\/05\/Design-ohne-Titel-74.png","contentUrl":"https:\/\/cdn.freebrand.ch\/w:auto\/h:auto\/q:mauto\/f:best\/https:\/\/europaallee.ch\/wp-content\/uploads\/2021\/05\/Design-ohne-Titel-74.png","width":700,"height":425,"caption":"Laden Tara Style"},{"@type":"BreadcrumbList","@id":"https:\/\/europaallee.ch\/en\/events\/2-jahre-tara-style\/#breadcrumb","itemListElement":[{"@type":"ListItem","position":1,"name":"Home","item":"https:\/\/europaallee.ch\/en\/"},{"@type":"ListItem","position":2,"name":"Fashion &amp; Design","item":"https:\/\/europaallee.ch\/en\/event-type\/fashion-design-en\/"},{"@type":"ListItem","position":3,"name":"2 years of Tara Style at Europaallee."}]},{"@type":"WebSite","@id":"https:\/\/europaallee.ch\/en\/#website","url":"https:\/\/europaallee.ch\/en\/","name":"Europaallee","description":"Ein Quartier voll Z\u00fcrich","publisher":{"@id":"https:\/\/europaallee.ch\/en\/#organization"},"potentialAction":[{"@type":"SearchAction","target":{"@type":"EntryPoint","urlTemplate":"https:\/\/europaallee.ch\/en\/?s={search_term_string}"},"query-input":{"@type":"PropertyValueSpecification","valueRequired":true,"valueName":"search_term_string"}}],"inLanguage":"en-US"},{"@type":"Organization","@id":"https:\/\/europaallee.ch\/en\/#organization","name":"Europaallee","url":"https:\/\/europaallee.ch\/en\/","logo":{"@type":"ImageObject","inLanguage":"en-US","@id":"https:\/\/europaallee.ch\/en\/#\/schema\/logo\/image\/","url":"https:\/\/europaallee.ch\/wp-content\/uploads\/2021\/04\/logo_europaallee.svg","contentUrl":"https:\/\/europaallee.ch\/wp-content\/uploads\/2021\/04\/logo_europaallee.svg","caption":"Europaallee"},"image":{"@id":"https:\/\/europaallee.ch\/en\/#\/schema\/logo\/image\/"},"sameAs":["https:\/\/www.facebook.com\/europaallee","https:\/\/www.instagram.com\/europaallee\/","https:\/\/www.youtube.com\/channel\/UCNT5OLv0MZKlMKV7Px6vVXg"]}]}},"event_dates":[{"von":"2021-06-05 10:00:00","bis":"2021-06-05 18:00:00","number_of_tickets":"","registration_count":"0"}],"event_recipient":"","ticket_price":"","event_location":{"address":"TARA STYLE - Z\u00fcrich Europaallee, Europaallee 30, Z\u00fcrich, Schweiz","lat":47.3788874,"lng":8.532946299999999,"zoom":19,"place_id":"ChIJeSdtX0unmkcRQpWWRmQ9M34","name":"TARA STYLE - Z\u00fcrich Europaallee","street_number":"30","street_name":"Europaallee","city":"Z\u00fcrich","state":"Z\u00fcrich","state_short":"ZH","post_code":"8004","country":"Schweiz","country_short":"CH"},"fimg_url":"https:\/\/cdn.freebrand.ch\/w:auto\/h:auto\/q:mauto\/f:best\/https:\/\/europaallee.ch\/wp-content\/uploads\/2021\/05\/Design-ohne-Titel-74.png","_links":{"self":[{"href":"https:\/\/europaallee.ch\/en\/wp-json\/wp\/v2\/events\/1915","targetHints":{"allow":["GET"]}}],"collection":[{"href":"https:\/\/europaallee.ch\/en\/wp-json\/wp\/v2\/events"}],"about":[{"href":"https:\/\/europaallee.ch\/en\/wp-json\/wp\/v2\/types\/events"}],"author":[{"embeddable":true,"href":"https:\/\/europaallee.ch\/en\/wp-json\/wp\/v2\/users\/4"}],"replies":[{"embeddable":true,"href":"https:\/\/europaallee.ch\/en\/wp-json\/wp\/v2\/comments?post=1915"}],"wp:featuredmedia":[{"embeddable":true,"href":"https:\/\/europaallee.ch\/en\/wp-json\/wp\/v2\/media\/1914"}],"wp:attachment":[{"href":"https:\/\/europaallee.ch\/en\/wp-json\/wp\/v2\/media?parent=1915"}],"wp:term":[{"taxonomy":"event-type","embeddable":true,"href":"https:\/\/europaallee.ch\/en\/wp-json\/wp\/v2\/event-type?post=1915"},{"taxonomy":"event-subtype","embeddable":true,"href":"https:\/\/europaallee.ch\/en\/wp-json\/wp\/v2\/event-subtype?post=1915"}],"curies":[{"name":"wp","href":"https:\/\/api.w.org\/{rel}","templated":true}]}}

<!-- This site is optimized with the Yoast SEO plugin v27.5 - https://yoast.com/product/yoast-seo-wordpress/ -->
<title>2 years of Tara Style at Europaallee. - Europaallee</title>
<meta name="robots" content="index, follow, max-snippet:-1, max-image-preview:large, max-video-preview:-1" />
<link rel="canonical" href="https://europaallee.ch/en/events/2-jahre-tara-style/" />
<meta property="og:locale" content="en_US" />
<meta property="og:type" content="article" />
<meta property="og:title" content="2 years of Tara Style at Europaallee. - Europaallee" />
<meta property="og:description" content="Join Tara Style in celebrating its second birthday at Europaallee. [&hellip;]" />
<meta property="og:url" content="https://europaallee.ch/en/events/2-jahre-tara-style/" />
<meta property="og:site_name" content="Europaallee" />
<meta property="article:publisher" content="https://www.facebook.com/europaallee" />
<meta property="article:modified_time" content="2021-06-18T09:45:09+00:00" />
<meta property="og:image" content="https://cdn.freebrand.ch/w:auto/h:auto/q:mauto/f:best/https://europaallee.ch/wp-content/uploads/2021/05/Design-ohne-Titel-74.png" />
	<meta property="og:image:width" content="700" />
	<meta property="og:image:height" content="425" />
	<meta property="og:image:type" content="image/png" />
<meta name="twitter:card" content="summary_large_image" />
<meta name="twitter:label1" content="Est. reading time" />
	<meta name="twitter:data1" content="1 minute" />
<script type="application/ld+json" class="yoast-schema-graph">{"@context":"https:\/\/schema.org","@graph":[{"@type":"WebPage","@id":"https:\/\/europaallee.ch\/en\/events\/2-jahre-tara-style\/","url":"https:\/\/europaallee.ch\/en\/events\/2-jahre-tara-style\/","name":"2 years of Tara Style at Europaallee. - Europaallee","isPartOf":{"@id":"https:\/\/europaallee.ch\/en\/#website"},"primaryImageOfPage":{"@id":"https:\/\/europaallee.ch\/en\/events\/2-jahre-tara-style\/#primaryimage"},"image":{"@id":"https:\/\/europaallee.ch\/en\/events\/2-jahre-tara-style\/#primaryimage"},"thumbnailUrl":"https:\/\/europaallee.ch\/wp-content\/uploads\/2021\/05\/Design-ohne-Titel-74.png","datePublished":"2021-05-30T17:21:00+00:00","dateModified":"2021-06-18T09:45:09+00:00","breadcrumb":{"@id":"https:\/\/europaallee.ch\/en\/events\/2-jahre-tara-style\/#breadcrumb"},"inLanguage":"en-US","potentialAction":[{"@type":"ReadAction","target":["https:\/\/europaallee.ch\/en\/events\/2-jahre-tara-style\/"]}]},{"@type":"ImageObject","inLanguage":"en-US","@id":"https:\/\/europaallee.ch\/en\/events\/2-jahre-tara-style\/#primaryimage","url":"https:\/\/europaallee.ch\/wp-content\/uploads\/2021\/05\/Design-ohne-Titel-74.png","contentUrl":"https:\/\/europaallee.ch\/wp-content\/uploads\/2021\/05\/Design-ohne-Titel-74.png","width":700,"height":425,"caption":"Laden Tara Style"},{"@type":"BreadcrumbList","@id":"https:\/\/europaallee.ch\/en\/events\/2-jahre-tara-style\/#breadcrumb","itemListElement":[{"@type":"ListItem","position":1,"name":"Home","item":"https:\/\/europaallee.ch\/en\/"},{"@type":"ListItem","position":2,"name":"Fashion &amp; Design","item":"https:\/\/europaallee.ch\/en\/event-type\/fashion-design-en\/"},{"@type":"ListItem","position":3,"name":"2 years of Tara Style at Europaallee."}]},{"@type":"WebSite","@id":"https:\/\/europaallee.ch\/en\/#website","url":"https:\/\/europaallee.ch\/en\/","name":"Europaallee","description":"Ein Quartier voll Zürich","publisher":{"@id":"https:\/\/europaallee.ch\/en\/#organization"},"potentialAction":[{"@type":"SearchAction","target":{"@type":"EntryPoint","urlTemplate":"https:\/\/europaallee.ch\/en\/?s={search_term_string}"},"query-input":{"@type":"PropertyValueSpecification","valueRequired":true,"valueName":"search_term_string"}}],"inLanguage":"en-US"},{"@type":"Organization","@id":"https:\/\/europaallee.ch\/en\/#organization","name":"Europaallee","url":"https:\/\/europaallee.ch\/en\/","logo":{"@type":"ImageObject","inLanguage":"en-US","@id":"https:\/\/europaallee.ch\/en\/#\/schema\/logo\/image\/","url":"https:\/\/europaallee.ch\/wp-content\/uploads\/2021\/04\/logo_europaallee.svg","contentUrl":"https:\/\/europaallee.ch\/wp-content\/uploads\/2021\/04\/logo_europaallee.svg","caption":"Europaallee"},"image":{"@id":"https:\/\/europaallee.ch\/en\/#\/schema\/logo\/image\/"},"sameAs":["https:\/\/www.facebook.com\/europaallee","https:\/\/www.instagram.com\/europaallee\/","https:\/\/www.youtube.com\/channel\/UCNT5OLv0MZKlMKV7Px6vVXg"]}]}</script>
<!-- / Yoast SEO plugin. -->

Ein Quartier voll Zürich

TARA STYLE - Zürich Europaallee, Europaallee 30, Zürich, Schweiz

TARA STYLE - Zürich Europaallee

Zürich
